{"id":1899,"date":"2021-03-15T05:03:57","date_gmt":"2021-03-15T05:03:57","guid":{"rendered":"https:\/\/sisimty.com\/?page_id=1899"},"modified":"2021-03-15T23:20:23","modified_gmt":"2021-03-15T23:20:23","slug":"control-de-acceso","status":"publish","type":"page","link":"https:\/\/sisimty.com\/index.php\/control-de-acceso\/","title":{"rendered":"Control de Acceso"},"content":{"rendered":"\t\t<div data-elementor-type=\"wp-page\" data-elementor-id=\"1899\" class=\"elementor elementor-1899\">\n\t\t\t\t\t\t<section class=\"elementor-section elementor-top-section elementor-element elementor-element-df55e9c elementor-section-height-min-height elementor-section-content-middle elementor-section-boxed elementor-section-height-default elementor-section-items-middle\" data-id=\"df55e9c\" data-element_type=\"section\" data-settings=\"{&quot;background_background&quot;:&quot;classic&quot;}\">\n\t\t\t\t\t\t\t<div class=\"elementor-background-overlay\"><\/div>\n\t\t\t\t\t\t\t<div class=\"elementor-container elementor-column-gap-default\">\n\t\t\t\t\t<div class=\"elementor-column elementor-col-100 elementor-top-column elementor-element elementor-element-2bc2a2c8\" data-id=\"2bc2a2c8\" data-element_type=\"column\">\n\t\t\t<div class=\"elementor-widget-wrap\">\n\t\t\t\t\t\t\t<\/div>\n\t\t<\/div>\n\t\t\t\t\t<\/div>\n\t\t<\/section>\n\t\t\t\t<section class=\"elementor-section elementor-top-section elementor-element elementor-element-6d196adb elementor-section-content-middle elementor-section-boxed elementor-section-height-default elementor-section-height-default\" data-id=\"6d196adb\" data-element_type=\"section\">\n\t\t\t\t\t\t<div class=\"elementor-container elementor-column-gap-default\">\n\t\t\t\t\t<div class=\"elementor-column elementor-col-50 elementor-top-column elementor-element elementor-element-132a05d9\" data-id=\"132a05d9\" data-element_type=\"column\">\n\t\t\t<div class=\"elementor-widget-wrap elementor-element-populated\">\n\t\t\t\t\t\t<div class=\"elementor-element elementor-element-87f1d48 elementor-widget elementor-widget-heading\" data-id=\"87f1d48\" data-element_type=\"widget\" data-widget_type=\"heading.default\">\n\t\t\t\t<div class=\"elementor-widget-container\">\n\t\t\t<h2 class=\"elementor-heading-title elementor-size-medium\">CONTROL DE ACCESO<\/h2>\t\t<\/div>\n\t\t\t\t<\/div>\n\t\t\t\t<div class=\"elementor-element elementor-element-659c0877 elementor-widget-divider--view-line elementor-widget elementor-widget-divider\" data-id=\"659c0877\" data-element_type=\"widget\" data-widget_type=\"divider.default\">\n\t\t\t\t<div class=\"elementor-widget-container\">\n\t\t\t\t\t<div class=\"elementor-divider\">\n\t\t\t<span class=\"elementor-divider-separator\">\n\t\t\t\t\t\t<\/span>\n\t\t<\/div>\n\t\t\t\t<\/div>\n\t\t\t\t<\/div>\n\t\t\t\t<div class=\"elementor-element elementor-element-40181c6d elementor-widget elementor-widget-text-editor\" data-id=\"40181c6d\" data-element_type=\"widget\" data-widget_type=\"text-editor.default\">\n\t\t\t\t<div class=\"elementor-widget-container\">\n\t\t\t\t\t\t\t<p>Un sistema de control de acceso es la herramienta perfecta para la administraci\u00f3n integral de sus accesos y el incremento de la seguridad de sus instalaciones, activos y personal.<\/p>\t\t\t\t\t\t<\/div>\n\t\t\t\t<\/div>\n\t\t\t\t\t<\/div>\n\t\t<\/div>\n\t\t\t\t<div class=\"elementor-column elementor-col-50 elementor-top-column elementor-element elementor-element-58b16dd4 elementor-sm-100\" data-id=\"58b16dd4\" data-element_type=\"column\">\n\t\t\t<div class=\"elementor-widget-wrap elementor-element-populated\">\n\t\t\t\t\t\t<div class=\"elementor-element elementor-element-786b73f gallery-spacing-custom elementor-widget elementor-widget-image-gallery\" data-id=\"786b73f\" data-element_type=\"widget\" data-widget_type=\"image-gallery.default\">\n\t\t\t\t<div class=\"elementor-widget-container\">\n\t\t\t\t\t<div class=\"elementor-image-gallery\">\n\t\t\t<div id='gallery-1' class='gallery galleryid-1899 gallery-columns-3 gallery-size-full'><figure class='gallery-item'>\n\t\t\t<div class='gallery-icon landscape'>\n\t\t\t\t<a data-elementor-open-lightbox=\"yes\" data-elementor-lightbox-slideshow=\"786b73f\" data-elementor-lightbox-title=\"picos\" data-e-action-hash=\"#elementor-action%3Aaction%3Dlightbox%26settings%3DeyJpZCI6MTk0MCwidXJsIjoiaHR0cHM6XC9cL3Npc2ltdHkuY29tXC93cC1jb250ZW50XC91cGxvYWRzXC8yMDIxXC8wM1wvcGljb3MuanBnIiwic2xpZGVzaG93IjoiNzg2YjczZiJ9\" href='https:\/\/sisimty.com\/wp-content\/uploads\/2021\/03\/picos.jpg'><img fetchpriority=\"high\" decoding=\"async\" width=\"600\" height=\"600\" src=\"https:\/\/sisimty.com\/wp-content\/uploads\/2021\/03\/picos.jpg\" class=\"attachment-full size-full\" alt=\"\" srcset=\"https:\/\/sisimty.com\/wp-content\/uploads\/2021\/03\/picos.jpg 600w, https:\/\/sisimty.com\/wp-content\/uploads\/2021\/03\/picos-300x300.jpg 300w, https:\/\/sisimty.com\/wp-content\/uploads\/2021\/03\/picos-150x150.jpg 150w\" sizes=\"(max-width: 600px) 100vw, 600px\" \/><\/a>\n\t\t\t<\/div><\/figure><figure class='gallery-item'>\n\t\t\t<div class='gallery-icon landscape'>\n\t\t\t\t<a data-elementor-open-lightbox=\"yes\" data-elementor-lightbox-slideshow=\"786b73f\" data-elementor-lightbox-title=\"torni\" data-e-action-hash=\"#elementor-action%3Aaction%3Dlightbox%26settings%3DeyJpZCI6MTk1MywidXJsIjoiaHR0cHM6XC9cL3Npc2ltdHkuY29tXC93cC1jb250ZW50XC91cGxvYWRzXC8yMDIxXC8wM1wvdG9ybmkuanBnIiwic2xpZGVzaG93IjoiNzg2YjczZiJ9\" href='https:\/\/sisimty.com\/wp-content\/uploads\/2021\/03\/torni.jpg'><img decoding=\"async\" width=\"600\" height=\"600\" src=\"https:\/\/sisimty.com\/wp-content\/uploads\/2021\/03\/torni.jpg\" class=\"attachment-full size-full\" alt=\"\" srcset=\"https:\/\/sisimty.com\/wp-content\/uploads\/2021\/03\/torni.jpg 600w, https:\/\/sisimty.com\/wp-content\/uploads\/2021\/03\/torni-300x300.jpg 300w, https:\/\/sisimty.com\/wp-content\/uploads\/2021\/03\/torni-150x150.jpg 150w\" sizes=\"(max-width: 600px) 100vw, 600px\" \/><\/a>\n\t\t\t<\/div><\/figure><figure class='gallery-item'>\n\t\t\t<div class='gallery-icon landscape'>\n\t\t\t\t<a data-elementor-open-lightbox=\"yes\" data-elementor-lightbox-slideshow=\"786b73f\" data-elementor-lightbox-title=\"portero\" data-e-action-hash=\"#elementor-action%3Aaction%3Dlightbox%26settings%3DeyJpZCI6MTk2MSwidXJsIjoiaHR0cHM6XC9cL3Npc2ltdHkuY29tXC93cC1jb250ZW50XC91cGxvYWRzXC8yMDIxXC8wM1wvcG9ydGVyby5qcGciLCJzbGlkZXNob3ciOiI3ODZiNzNmIn0%3D\" href='https:\/\/sisimty.com\/wp-content\/uploads\/2021\/03\/portero.jpg'><img decoding=\"async\" width=\"600\" height=\"600\" src=\"https:\/\/sisimty.com\/wp-content\/uploads\/2021\/03\/portero.jpg\" class=\"attachment-full size-full\" alt=\"\" srcset=\"https:\/\/sisimty.com\/wp-content\/uploads\/2021\/03\/portero.jpg 600w, https:\/\/sisimty.com\/wp-content\/uploads\/2021\/03\/portero-300x300.jpg 300w, https:\/\/sisimty.com\/wp-content\/uploads\/2021\/03\/portero-150x150.jpg 150w\" sizes=\"(max-width: 600px) 100vw, 600px\" \/><\/a>\n\t\t\t<\/div><\/figure><figure class='gallery-item'>\n\t\t\t<div class='gallery-icon landscape'>\n\t\t\t\t<a data-elementor-open-lightbox=\"yes\" data-elementor-lightbox-slideshow=\"786b73f\" data-elementor-lightbox-title=\"barrera\" data-e-action-hash=\"#elementor-action%3Aaction%3Dlightbox%26settings%3DeyJpZCI6MTk2NSwidXJsIjoiaHR0cHM6XC9cL3Npc2ltdHkuY29tXC93cC1jb250ZW50XC91cGxvYWRzXC8yMDIxXC8wM1wvYmFycmVyYS5qcGciLCJzbGlkZXNob3ciOiI3ODZiNzNmIn0%3D\" href='https:\/\/sisimty.com\/wp-content\/uploads\/2021\/03\/barrera.jpg'><img loading=\"lazy\" decoding=\"async\" width=\"600\" height=\"600\" src=\"https:\/\/sisimty.com\/wp-content\/uploads\/2021\/03\/barrera.jpg\" class=\"attachment-full size-full\" alt=\"\" srcset=\"https:\/\/sisimty.com\/wp-content\/uploads\/2021\/03\/barrera.jpg 600w, https:\/\/sisimty.com\/wp-content\/uploads\/2021\/03\/barrera-300x300.jpg 300w, https:\/\/sisimty.com\/wp-content\/uploads\/2021\/03\/barrera-150x150.jpg 150w\" sizes=\"(max-width: 600px) 100vw, 600px\" \/><\/a>\n\t\t\t<\/div><\/figure><figure class='gallery-item'>\n\t\t\t<div class='gallery-icon landscape'>\n\t\t\t\t<a data-elementor-open-lightbox=\"yes\" data-elementor-lightbox-slideshow=\"786b73f\" data-elementor-lightbox-title=\"detector\" data-e-action-hash=\"#elementor-action%3Aaction%3Dlightbox%26settings%3DeyJpZCI6MTk2OSwidXJsIjoiaHR0cHM6XC9cL3Npc2ltdHkuY29tXC93cC1jb250ZW50XC91cGxvYWRzXC8yMDIxXC8wM1wvZGV0ZWN0b3IuanBnIiwic2xpZGVzaG93IjoiNzg2YjczZiJ9\" href='https:\/\/sisimty.com\/wp-content\/uploads\/2021\/03\/detector.jpg'><img loading=\"lazy\" decoding=\"async\" width=\"600\" height=\"600\" src=\"https:\/\/sisimty.com\/wp-content\/uploads\/2021\/03\/detector.jpg\" class=\"attachment-full size-full\" alt=\"\" srcset=\"https:\/\/sisimty.com\/wp-content\/uploads\/2021\/03\/detector.jpg 600w, https:\/\/sisimty.com\/wp-content\/uploads\/2021\/03\/detector-300x300.jpg 300w, https:\/\/sisimty.com\/wp-content\/uploads\/2021\/03\/detector-150x150.jpg 150w\" sizes=\"(max-width: 600px) 100vw, 600px\" \/><\/a>\n\t\t\t<\/div><\/figure><figure class='gallery-item'>\n\t\t\t<div class='gallery-icon landscape'>\n\t\t\t\t<a data-elementor-open-lightbox=\"yes\" data-elementor-lightbox-slideshow=\"786b73f\" data-elementor-lightbox-title=\"controltemp\" data-e-action-hash=\"#elementor-action%3Aaction%3Dlightbox%26settings%3DeyJpZCI6MTk3NywidXJsIjoiaHR0cHM6XC9cL3Npc2ltdHkuY29tXC93cC1jb250ZW50XC91cGxvYWRzXC8yMDIxXC8wM1wvY29udHJvbHRlbXAuanBnIiwic2xpZGVzaG93IjoiNzg2YjczZiJ9\" href='https:\/\/sisimty.com\/wp-content\/uploads\/2021\/03\/controltemp.jpg'><img loading=\"lazy\" decoding=\"async\" width=\"600\" height=\"600\" src=\"https:\/\/sisimty.com\/wp-content\/uploads\/2021\/03\/controltemp.jpg\" class=\"attachment-full size-full\" alt=\"\" srcset=\"https:\/\/sisimty.com\/wp-content\/uploads\/2021\/03\/controltemp.jpg 600w, https:\/\/sisimty.com\/wp-content\/uploads\/2021\/03\/controltemp-300x300.jpg 300w, https:\/\/sisimty.com\/wp-content\/uploads\/2021\/03\/controltemp-150x150.jpg 150w\" sizes=\"(max-width: 600px) 100vw, 600px\" \/><\/a>\n\t\t\t<\/div><\/figure>\n\t\t<\/div>\n\t\t<\/div>\n\t\t\t\t<\/div>\n\t\t\t\t<\/div>\n\t\t\t\t\t<\/div>\n\t\t<\/div>\n\t\t\t\t\t<\/div>\n\t\t<\/section>\n\t\t\t\t<section class=\"elementor-section elementor-top-section elementor-element elementor-element-721426fe elementor-section-height-min-height elementor-section-content-middle elementor-section-boxed elementor-section-height-default elementor-section-items-middle\" data-id=\"721426fe\" data-element_type=\"section\" data-settings=\"{&quot;background_background&quot;:&quot;classic&quot;}\">\n\t\t\t\t\t\t<div class=\"elementor-container elementor-column-gap-default\">\n\t\t\t\t\t<div class=\"elementor-column elementor-col-100 elementor-top-column elementor-element elementor-element-3b06cce\" data-id=\"3b06cce\" data-element_type=\"column\">\n\t\t\t<div class=\"elementor-widget-wrap elementor-element-populated\">\n\t\t\t\t\t\t<div class=\"elementor-element elementor-element-3d34b43 elementor-widget elementor-widget-heading\" data-id=\"3d34b43\" data-element_type=\"widget\" data-widget_type=\"heading.default\">\n\t\t\t\t<div class=\"elementor-widget-container\">\n\t\t\t<h2 class=\"elementor-heading-title elementor-size-default\">CONTAMOS CON LAS MEJORES SOLUCIONES EN CONTROL DE ACCESO<\/h2>\t\t<\/div>\n\t\t\t\t<\/div>\n\t\t\t\t\t<\/div>\n\t\t<\/div>\n\t\t\t\t\t<\/div>\n\t\t<\/section>\n\t\t\t\t<section class=\"elementor-section elementor-top-section elementor-element elementor-element-0504686 elementor-section-boxed elementor-section-height-default elementor-section-height-default\" data-id=\"0504686\" data-element_type=\"section\">\n\t\t\t\t\t\t<div class=\"elementor-container elementor-column-gap-default\">\n\t\t\t\t\t<div class=\"elementor-column elementor-col-100 elementor-top-column elementor-element elementor-element-3bfe571\" data-id=\"3bfe571\" data-element_type=\"column\">\n\t\t\t<div class=\"elementor-widget-wrap elementor-element-populated\">\n\t\t\t\t\t\t<div class=\"elementor-element elementor-element-2b58062 elementor-widget elementor-widget-spacer\" data-id=\"2b58062\" data-element_type=\"widget\" data-widget_type=\"spacer.default\">\n\t\t\t\t<div class=\"elementor-widget-container\">\n\t\t\t\t\t<div class=\"elementor-spacer\">\n\t\t\t<div class=\"elementor-spacer-inner\"><\/div>\n\t\t<\/div>\n\t\t\t\t<\/div>\n\t\t\t\t<\/div>\n\t\t\t\t\t<\/div>\n\t\t<\/div>\n\t\t\t\t\t<\/div>\n\t\t<\/section>\n\t\t\t\t<section class=\"elementor-section elementor-top-section elementor-element elementor-element-66b81c1 elementor-section-boxed elementor-section-height-default elementor-section-height-default\" data-id=\"66b81c1\" data-element_type=\"section\">\n\t\t\t\t\t\t<div class=\"elementor-container elementor-column-gap-default\">\n\t\t\t\t\t<div class=\"elementor-column elementor-col-50 elementor-top-column elementor-element elementor-element-a644ad3\" data-id=\"a644ad3\" data-element_type=\"column\">\n\t\t\t<div class=\"elementor-widget-wrap elementor-element-populated\">\n\t\t\t\t\t\t<div class=\"elementor-element elementor-element-749743ac elementor-widget elementor-widget-toggle\" data-id=\"749743ac\" data-element_type=\"widget\" data-widget_type=\"toggle.default\">\n\t\t\t\t<div class=\"elementor-widget-container\">\n\t\t\t\t\t<div class=\"elementor-toggle\">\n\t\t\t\t\t\t\t<div class=\"elementor-toggle-item\">\n\t\t\t\t\t<div id=\"elementor-tab-title-1951\" class=\"elementor-tab-title\" data-tab=\"1\" role=\"button\" aria-controls=\"elementor-tab-content-1951\" aria-expanded=\"false\">\n\t\t\t\t\t\t\t\t\t\t\t\t<span class=\"elementor-toggle-icon elementor-toggle-icon-right\" aria-hidden=\"true\">\n\t\t\t\t\t\t\t\t\t\t\t\t\t\t\t<span class=\"elementor-toggle-icon-closed\"><i class=\"fas fa-caret-right\"><\/i><\/span>\n\t\t\t\t\t\t\t\t<span class=\"elementor-toggle-icon-opened\"><i class=\"elementor-toggle-icon-opened fas fa-caret-up\"><\/i><\/span>\n\t\t\t\t\t\t\t\t\t\t\t\t\t<\/span>\n\t\t\t\t\t\t\t\t\t\t\t\t<a class=\"elementor-toggle-title\" tabindex=\"0\">Que es un control de acceso ?<\/a>\n\t\t\t\t\t<\/div>\n\n\t\t\t\t\t<div id=\"elementor-tab-content-1951\" class=\"elementor-tab-content elementor-clearfix\" data-tab=\"1\" role=\"region\" aria-labelledby=\"elementor-tab-title-1951\"><p>Un\u00a0<b>sistema de control de acceso<\/b>\u00a0es aquel que\u00a0<b>permite o restringe<\/b>\u00a0la\u00a0<b>entrada<\/b>\u00a0de una persona o veh\u00edculo a una\u00a0<b>empresa<\/b>\u00a0<b>o<\/b>\u00a0a una determinada<b>\u00a0zona<\/b>\u00a0de la misma. Sus principales objetivos son no solo\u00a0<b>garantizar la seguridad<\/b>\u00a0sino tambi\u00e9n\u00a0<b>facilitar la organizaci\u00f3n empresarial <\/b>para as\u00ed mantener el orden y el control de lo que sucede en la empresa.<\/p><\/div>\n\t\t\t\t<\/div>\n\t\t\t\t\t\t\t<div class=\"elementor-toggle-item\">\n\t\t\t\t\t<div id=\"elementor-tab-title-1952\" class=\"elementor-tab-title\" data-tab=\"2\" role=\"button\" aria-controls=\"elementor-tab-content-1952\" aria-expanded=\"false\">\n\t\t\t\t\t\t\t\t\t\t\t\t<span class=\"elementor-toggle-icon elementor-toggle-icon-right\" aria-hidden=\"true\">\n\t\t\t\t\t\t\t\t\t\t\t\t\t\t\t<span class=\"elementor-toggle-icon-closed\"><i class=\"fas fa-caret-right\"><\/i><\/span>\n\t\t\t\t\t\t\t\t<span class=\"elementor-toggle-icon-opened\"><i class=\"elementor-toggle-icon-opened fas fa-caret-up\"><\/i><\/span>\n\t\t\t\t\t\t\t\t\t\t\t\t\t<\/span>\n\t\t\t\t\t\t\t\t\t\t\t\t<a class=\"elementor-toggle-title\" tabindex=\"0\">Tipos de control de acceso por identificaci\u00f3n<\/a>\n\t\t\t\t\t<\/div>\n\n\t\t\t\t\t<div id=\"elementor-tab-content-1952\" class=\"elementor-tab-content elementor-clearfix\" data-tab=\"2\" role=\"region\" aria-labelledby=\"elementor-tab-title-1952\"><p><b>El sistema de control de acceso<\/b>\u00a0tiene\u00a0<b>tres principales funciones<\/b>: la\u00a0<b>autenticaci\u00f3n<\/b>\u00a0que permite la identificaci\u00f3n de las personas o veh\u00edculos que solicitan acceder a una empresa o a una zona concreta; la\u00a0<b>autorizaci\u00f3n<\/b>\u00a0que gracias al software del sistema realiza las comprobaciones y env\u00eda la orden de abrir o no un acceso; y la\u00a0<b>trazabilidad\u00a0<\/b>que facilita la obtenci\u00f3n de listados de las personas presentes en una zona o recinto.<\/p><ul><li><b>Sistema de Proximidad<\/b>:<\/li><\/ul><p>Permite la utilizaci\u00f3n de tarjetas u otros objetos que al acercarlos al terminal inicia la autenticaci\u00f3n. En este tipo de control de acceso tenemos que destacar la innovadora <b>tecnolog\u00eda RFID<\/b>, que adem\u00e1s de ofrecer una alta seguridad, es precisa, fiable y cuenta con una gran capacidad de almacenamiento de datos.<\/p><ul><li><b>Sistemas Biom\u00e9tricos<\/b>:<\/li><\/ul><p>Se basan en el reconocimiento de una caracter\u00edstica f\u00edsica de la persona que solicita el acceso para que pueda ser verificada de forma autom\u00e1tica e instant\u00e1nea. El m\u00e1s utilizado en las empresas es el <b>lector de huella digital<\/b>, que cuenta con numerosas ventajas como evitar la suplantaci\u00f3n de identidad, acabar con los problemas de olvido de tarjetas, adem\u00e1s de ser un sistema sencillo y eficaz.<\/p><ul><li><b>Sistemas de Reconocimiento de Matr\u00edcula o TAG<\/b>:<\/li><\/ul><p>Controlan el acceso mediante la identificaci\u00f3n de la persona, del veh\u00edculo o la combinaci\u00f3n de ambas. Los veh\u00edculos pueden identificarse por tarjeta\/TAG o por lectura de matr\u00edcula.\u00a0<\/p><\/div>\n\t\t\t\t<\/div>\n\t\t\t\t\t\t\t<div class=\"elementor-toggle-item\">\n\t\t\t\t\t<div id=\"elementor-tab-title-1953\" class=\"elementor-tab-title\" data-tab=\"3\" role=\"button\" aria-controls=\"elementor-tab-content-1953\" aria-expanded=\"false\">\n\t\t\t\t\t\t\t\t\t\t\t\t<span class=\"elementor-toggle-icon elementor-toggle-icon-right\" aria-hidden=\"true\">\n\t\t\t\t\t\t\t\t\t\t\t\t\t\t\t<span class=\"elementor-toggle-icon-closed\"><i class=\"fas fa-caret-right\"><\/i><\/span>\n\t\t\t\t\t\t\t\t<span class=\"elementor-toggle-icon-opened\"><i class=\"elementor-toggle-icon-opened fas fa-caret-up\"><\/i><\/span>\n\t\t\t\t\t\t\t\t\t\t\t\t\t<\/span>\n\t\t\t\t\t\t\t\t\t\t\t\t<a class=\"elementor-toggle-title\" tabindex=\"0\">Control de acceso por conexi\u00f3n <\/a>\n\t\t\t\t\t<\/div>\n\n\t\t\t\t\t<div id=\"elementor-tab-content-1953\" class=\"elementor-tab-content elementor-clearfix\" data-tab=\"3\" role=\"region\" aria-labelledby=\"elementor-tab-title-1953\"><ul><li><b>Sistemas de Acceso Aut\u00f3nomos:<\/b><\/li><\/ul><p>Son los que no se requiere ning\u00fan tipo de conectividad ya que las propias terminales disponen de memoria para la gesti\u00f3n de los usuarios. Se trata de un sistema de una seguridad baja y de una capacidad muy limitada.<\/p><ul><li><b>Sistemas de Acceso en Red:<\/b><\/li><\/ul><p>son los que utilizan herramientas como los\u00a0<b>softwares de control de acceso<\/b>\u00a0y que ofrecen un alto nivel de seguridad. Se pueden controlar a la vez infinitas zonas diferentes de la empresa, acotar los accesos por horarios y permisos, y adem\u00e1s cuentan con la ventaja de que pueden englobar otras soluciones importantes para toda empresa como el\u00a0<b>control horario<\/b>,\u00a0<b>de visitas<\/b>, o incluso\u00a0<b>planes de evacuaci\u00f3n y emergencias<\/b>.<\/p><p>\u00a0<\/p><\/div>\n\t\t\t\t<\/div>\n\t\t\t\t\t\t\t\t<\/div>\n\t\t\t\t<\/div>\n\t\t\t\t<\/div>\n\t\t\t\t<div class=\"elementor-element elementor-element-f688421 elementor-widget elementor-widget-heading\" data-id=\"f688421\" data-element_type=\"widget\" data-widget_type=\"heading.default\">\n\t\t\t\t<div class=\"elementor-widget-container\">\n\t\t\t<h3 class=\"elementor-heading-title elementor-size-default\">Necesitas un Control de Acceso<\/h3>\t\t<\/div>\n\t\t\t\t<\/div>\n\t\t\t\t<div class=\"elementor-element elementor-element-4191ea1 elementor-align-center elementor-widget elementor-widget-button\" data-id=\"4191ea1\" data-element_type=\"widget\" data-widget_type=\"button.default\">\n\t\t\t\t<div class=\"elementor-widget-container\">\n\t\t\t\t\t<div class=\"elementor-button-wrapper\">\n\t\t\t<a class=\"elementor-button elementor-button-link elementor-size-sm\" href=\"https:\/\/sisimty.com\/index.php\/contact-us\/\">\n\t\t\t\t\t\t<span class=\"elementor-button-content-wrapper\">\n\t\t\t\t\t\t\t\t\t<span class=\"elementor-button-text\">CONTACTAR<\/span>\n\t\t\t\t\t<\/span>\n\t\t\t\t\t<\/a>\n\t\t<\/div>\n\t\t\t\t<\/div>\n\t\t\t\t<\/div>\n\t\t\t\t\t<\/div>\n\t\t<\/div>\n\t\t\t\t<div class=\"elementor-column elementor-col-50 elementor-top-column elementor-element elementor-element-c3e6040\" data-id=\"c3e6040\" data-element_type=\"column\">\n\t\t\t<div class=\"elementor-widget-wrap elementor-element-populated\">\n\t\t\t\t\t\t<div class=\"elementor-element elementor-element-c8c1f78 elementor-arrows-position-inside elementor-pagination-position-outside elementor-widget elementor-widget-image-carousel\" data-id=\"c8c1f78\" data-element_type=\"widget\" data-settings=\"{&quot;slides_to_show&quot;:&quot;1&quot;,&quot;navigation&quot;:&quot;both&quot;,&quot;autoplay&quot;:&quot;yes&quot;,&quot;pause_on_hover&quot;:&quot;yes&quot;,&quot;pause_on_interaction&quot;:&quot;yes&quot;,&quot;autoplay_speed&quot;:5000,&quot;infinite&quot;:&quot;yes&quot;,&quot;effect&quot;:&quot;slide&quot;,&quot;speed&quot;:500}\" data-widget_type=\"image-carousel.default\">\n\t\t\t\t<div class=\"elementor-widget-container\">\n\t\t\t\t\t<div class=\"elementor-image-carousel-wrapper swiper\" dir=\"ltr\">\n\t\t\t<div class=\"elementor-image-carousel swiper-wrapper\" aria-live=\"off\">\n\t\t\t\t\t\t\t\t<div class=\"swiper-slide\" role=\"group\" aria-roledescription=\"slide\" aria-label=\"1 de 5\"><figure class=\"swiper-slide-inner\"><img decoding=\"async\" class=\"swiper-slide-image\" src=\"https:\/\/sisimty.com\/wp-content\/uploads\/2021\/03\/controltemp.jpg\" alt=\"\" \/><\/figure><\/div><div class=\"swiper-slide\" role=\"group\" aria-roledescription=\"slide\" aria-label=\"2 de 5\"><figure class=\"swiper-slide-inner\"><img decoding=\"async\" class=\"swiper-slide-image\" src=\"https:\/\/sisimty.com\/wp-content\/uploads\/2021\/03\/barrera.jpg\" alt=\"\" \/><\/figure><\/div><div class=\"swiper-slide\" role=\"group\" aria-roledescription=\"slide\" aria-label=\"3 de 5\"><figure class=\"swiper-slide-inner\"><img decoding=\"async\" class=\"swiper-slide-image\" src=\"https:\/\/sisimty.com\/wp-content\/uploads\/2021\/03\/portero.jpg\" alt=\"\" \/><\/figure><\/div><div class=\"swiper-slide\" role=\"group\" aria-roledescription=\"slide\" aria-label=\"4 de 5\"><figure class=\"swiper-slide-inner\"><img decoding=\"async\" class=\"swiper-slide-image\" src=\"https:\/\/sisimty.com\/wp-content\/uploads\/2021\/03\/torni.jpg\" alt=\"\" \/><\/figure><\/div><div class=\"swiper-slide\" role=\"group\" aria-roledescription=\"slide\" aria-label=\"5 de 5\"><figure class=\"swiper-slide-inner\"><img decoding=\"async\" class=\"swiper-slide-image\" src=\"https:\/\/sisimty.com\/wp-content\/uploads\/2021\/03\/picos.jpg\" alt=\"\" \/><\/figure><\/div>\t\t\t<\/div>\n\t\t\t\t\t\t\t\t\t\t\t\t<div class=\"elementor-swiper-button elementor-swiper-button-prev\" role=\"button\" tabindex=\"0\">\n\t\t\t\t\t\t<i aria-hidden=\"true\" class=\"eicon-chevron-left\"><\/i>\t\t\t\t\t<\/div>\n\t\t\t\t\t<div class=\"elementor-swiper-button elementor-swiper-button-next\" role=\"button\" tabindex=\"0\">\n\t\t\t\t\t\t<i aria-hidden=\"true\" class=\"eicon-chevron-right\"><\/i>\t\t\t\t\t<\/div>\n\t\t\t\t\n\t\t\t\t\t\t\t\t\t<div class=\"swiper-pagination\"><\/div>\n\t\t\t\t\t\t\t\t\t<\/div>\n\t\t\t\t<\/div>\n\t\t\t\t<\/div>\n\t\t\t\t\t<\/div>\n\t\t<\/div>\n\t\t\t\t\t<\/div>\n\t\t<\/section>\n\t\t\t\t<\/div>\n\t\t","protected":false},"excerpt":{"rendered":"<p>CONTROL DE ACCESO Un sistema de control de acceso es la herramienta perfecta para la administraci\u00f3n integral de sus accesos y el incremento de la seguridad de sus instalaciones, activos y personal. CONTAMOS CON LAS MEJORES SOLUCIONES EN CONTROL DE ACCESO Que es un control de acceso ? Un\u00a0sistema de control de acceso\u00a0es aquel que\u00a0permite [&hellip;]<\/p>\n","protected":false},"author":1,"featured_media":0,"parent":0,"menu_order":0,"comment_status":"closed","ping_status":"closed","template":"","meta":{"site-sidebar-layout":"no-sidebar","site-content-layout":"page-builder","ast-site-content-layout":"","site-content-style":"default","site-sidebar-style":"default","ast-global-header-display":"","ast-banner-title-visibility":"","ast-main-header-display":"","ast-hfb-above-header-display":"","ast-hfb-below-header-display":"","ast-hfb-mobile-header-display":"","site-post-title":"disabled","ast-breadcrumbs-content":"","ast-featured-img":"disabled","footer-sml-layout":"","theme-transparent-header-meta":"default","adv-header-id-meta":"","stick-header-meta":"","header-above-stick-meta":"","header-main-stick-meta":"","header-below-stick-meta":"","astra-migrate-meta-layouts":"default","ast-page-background-enabled":"default","ast-page-background-meta":{"desktop":{"background-color":"var(--ast-global-color-4)","background-image":"","background-repeat":"repeat","background-position":"center center","background-size":"auto","background-attachment":"scroll","background-type":"","background-media":"","overlay-type":"","overlay-color":"","overlay-opacity":"","overlay-gradient":""},"tablet":{"background-color":"","background-image":"","background-repeat":"repeat","background-position":"center center","background-size":"auto","background-attachment":"scroll","background-type":"","background-media":"","overlay-type":"","overlay-color":"","overlay-opacity":"","overlay-gradient":""},"mobile":{"background-color":"","background-image":"","background-repeat":"repeat","background-position":"center center","background-size":"auto","background-attachment":"scroll","background-type":"","background-media":"","overlay-type":"","overlay-color":"","overlay-opacity":"","overlay-gradient":""}},"ast-content-background-meta":{"desktop":{"background-color":"var(--ast-global-color-5)","background-image":"","background-repeat":"repeat","background-position":"center center","background-size":"auto","background-attachment":"scroll","background-type":"","background-media":"","overlay-type":"","overlay-color":"","overlay-opacity":"","overlay-gradient":""},"tablet":{"background-color":"var(--ast-global-color-5)","background-image":"","background-repeat":"repeat","background-position":"center center","background-size":"auto","background-attachment":"scroll","background-type":"","background-media":"","overlay-type":"","overlay-color":"","overlay-opacity":"","overlay-gradient":""},"mobile":{"background-color":"var(--ast-global-color-5)","background-image":"","background-repeat":"repeat","background-position":"center center","background-size":"auto","background-attachment":"scroll","background-type":"","background-media":"","overlay-type":"","overlay-color":"","overlay-opacity":"","overlay-gradient":""}},"footnotes":""},"class_list":["post-1899","page","type-page","status-publish","hentry"],"_links":{"self":[{"href":"https:\/\/sisimty.com\/index.php\/wp-json\/wp\/v2\/pages\/1899","targetHints":{"allow":["GET"]}}],"collection":[{"href":"https:\/\/sisimty.com\/index.php\/wp-json\/wp\/v2\/pages"}],"about":[{"href":"https:\/\/sisimty.com\/index.php\/wp-json\/wp\/v2\/types\/page"}],"author":[{"embeddable":true,"href":"https:\/\/sisimty.com\/index.php\/wp-json\/wp\/v2\/users\/1"}],"replies":[{"embeddable":true,"href":"https:\/\/sisimty.com\/index.php\/wp-json\/wp\/v2\/comments?post=1899"}],"version-history":[{"count":106,"href":"https:\/\/sisimty.com\/index.php\/wp-json\/wp\/v2\/pages\/1899\/revisions"}],"predecessor-version":[{"id":2236,"href":"https:\/\/sisimty.com\/index.php\/wp-json\/wp\/v2\/pages\/1899\/revisions\/2236"}],"wp:attachment":[{"href":"https:\/\/sisimty.com\/index.php\/wp-json\/wp\/v2\/media?parent=1899"}],"curies":[{"name":"wp","href":"https:\/\/api.w.org\/{rel}","templated":true}]}}